{"id":9,"date":"2024-08-20T16:41:00","date_gmt":"2024-08-20T16:41:00","guid":{"rendered":"http:\/\/novels4u.inktales.org\/?page_id=9"},"modified":"2024-08-20T20:05:30","modified_gmt":"2024-08-20T20:05:30","slug":"home","status":"publish","type":"page","link":"https:\/\/novels4u.inktales.org\/","title":{"rendered":"Home"},"content":{"rendered":"\n<div style=\"height:35px\" aria-hidden=\"true\" class=\"wp-block-spacer\"><\/div>\n\n\n\n<div style=\"height:55px\" aria-hidden=\"true\" class=\"wp-block-spacer\"><\/div>\n\n\n\n<div class=\"wp-block-columns are-vertically-aligned-center has-background is-layout-flex wp-container-core-columns-is-layout-1 wp-block-columns-is-layout-flex\" style=\"background-color:#d3b38c\">\n<div class=\"wp-block-column is-vertically-aligned-center is-layout-flow wp-block-column-is-layout-flow\">\n<h2 class=\"wp-block-heading has-medium-font-size\"><strong>Schreiben und die Welt retten? <\/strong><\/h2>\n\n\n\n<p>Auf novels4u.com erlebst du, was es hei\u00dft, Geschichten zu schreiben und das Leben in all seinen Facetten zu ertragen.<\/p>\n\n\n\n<div class=\"wp-block-buttons is-layout-flex wp-block-buttons-is-layout-flex\">\n<div class=\"wp-block-button\"><a class=\"wp-block-button__link wp-element-button\" href=\"https:\/\/novels4u.com\/\" target=\"_blank\" rel=\"noreferrer noopener\">Jetzt Autorenseite besuchen<\/a><\/div>\n<\/div>\n<\/div>\n\n\n\n<div class=\"wp-block-column is-vertically-aligned-center is-layout-flow wp-block-column-is-layout-flow\">\n<figure class=\"wp-block-image size-full is-resized vintage-photo\"><img loading=\"lazy\" decoding=\"async\" width=\"665\" height=\"641\" src=\"https:\/\/novels4u.inktales.org\/wp-content\/uploads\/2024\/08\/Screenshot_20240820-210450_1.jpg\" alt=\"\" class=\"wp-image-44\" style=\"width:580px;height:auto\" srcset=\"https:\/\/novels4u.inktales.org\/wp-content\/uploads\/2024\/08\/Screenshot_20240820-210450_1.jpg 665w, https:\/\/novels4u.inktales.org\/wp-content\/uploads\/2024\/08\/Screenshot_20240820-210450_1-300x289.jpg 300w\" sizes=\"auto, (max-width: 665px) 100vw, 665px\" \/><\/figure>\n<\/div>\n<\/div>\n\n\n\n<div class=\"wp-block-group alignfull has-background is-layout-constrained wp-container-core-group-is-layout-1 wp-block-group-is-layout-constrained\" style=\"background-color:#f4eee0;padding-bottom:0px\">\n<div class=\"wp-block-columns are-vertically-aligned-top diagonal-background is-layout-flex wp-container-core-columns-is-layout-2 wp-block-columns-is-layout-flex\">\n<div class=\"wp-block-column is-vertically-aligned-top is-layout-flow wp-container-core-column-is-layout-3 wp-block-column-is-layout-flow\">\n<figure class=\"wp-block-image size-full is-resized tilted-image\"><img loading=\"lazy\" decoding=\"async\" width=\"940\" height=\"788\" src=\"https:\/\/novels4u.inktales.org\/wp-content\/uploads\/2024\/08\/20240820_233839_0000.png\" alt=\"\" class=\"wp-image-80\" style=\"width:120px\" srcset=\"https:\/\/novels4u.inktales.org\/wp-content\/uploads\/2024\/08\/20240820_233839_0000.png 940w, https:\/\/novels4u.inktales.org\/wp-content\/uploads\/2024\/08\/20240820_233839_0000-300x251.png 300w, https:\/\/novels4u.inktales.org\/wp-content\/uploads\/2024\/08\/20240820_233839_0000-768x644.png 768w\" sizes=\"auto, (max-width: 940px) 100vw, 940px\" \/><\/figure>\n\n\n\n<h3 class=\"wp-block-heading has-text-align-left\" style=\"margin-top:16px\"><strong>Worte, die Welten bewegen<\/strong><\/h3>\n\n\n\n<p class=\"has-text-align-left\">Daniela Noitz verwebt Geschichten mit Herz und Seele \u2013 tauche ein in ihre bewegenden Romane und lass dich verzaubern.<\/p>\n<\/div>\n\n\n\n<div class=\"wp-block-column is-vertically-aligned-top is-layout-flow wp-container-core-column-is-layout-4 wp-block-column-is-layout-flow\">\n<figure class=\"wp-block-image size-full is-resized\"><img loading=\"lazy\" decoding=\"async\" width=\"940\" height=\"788\" src=\"https:\/\/novels4u.inktales.org\/wp-content\/uploads\/2024\/08\/20240820_234020_0000.png\" alt=\"\" class=\"wp-image-81\" style=\"width:120px\" srcset=\"https:\/\/novels4u.inktales.org\/wp-content\/uploads\/2024\/08\/20240820_234020_0000.png 940w, https:\/\/novels4u.inktales.org\/wp-content\/uploads\/2024\/08\/20240820_234020_0000-300x251.png 300w, https:\/\/novels4u.inktales.org\/wp-content\/uploads\/2024\/08\/20240820_234020_0000-768x644.png 768w\" sizes=\"auto, (max-width: 940px) 100vw, 940px\" \/><\/figure>\n\n\n\n<h3 class=\"wp-block-heading has-text-align-left\" style=\"margin-top:16px\"><strong>Starke Stimme, starkes Herz<\/strong><\/h3>\n\n\n\n<p class=\"has-text-align-left\">Als Autorin und Tiersch\u00fctzerin setzt sich Daniela Noitz mit unerm\u00fcdlicher Leidenschaft f\u00fcr das Gute ein \u2013 in ihren B\u00fcchern und im Leben.<\/p>\n<\/div>\n\n\n\n<div class=\"wp-block-column is-vertically-aligned-top is-layout-flow wp-container-core-column-is-layout-5 wp-block-column-is-layout-flow\">\n<figure class=\"wp-block-image size-full is-resized\"><img loading=\"lazy\" decoding=\"async\" width=\"940\" height=\"788\" src=\"https:\/\/novels4u.inktales.org\/wp-content\/uploads\/2024\/08\/20240820_234522_0000.png\" alt=\"\" class=\"wp-image-86\" style=\"width:120px\" srcset=\"https:\/\/novels4u.inktales.org\/wp-content\/uploads\/2024\/08\/20240820_234522_0000.png 940w, https:\/\/novels4u.inktales.org\/wp-content\/uploads\/2024\/08\/20240820_234522_0000-300x251.png 300w, https:\/\/novels4u.inktales.org\/wp-content\/uploads\/2024\/08\/20240820_234522_0000-768x644.png 768w\" sizes=\"auto, (max-width: 940px) 100vw, 940px\" \/><\/figure>\n\n\n\n<h3 class=\"wp-block-heading has-text-align-left\" style=\"margin-top:16px\"><strong>Erlebt, erlitten, erlesen<\/strong><\/h3>\n\n\n\n<p class=\"has-text-align-left\">Daniela Noitz hat mehr als nur Geschichten zu erz\u00e4hlen. Ihre Worte sind gepr\u00e4gt von einer F\u00fclle an Lebenserfahrung und innerer St\u00e4rke.<\/p>\n<\/div>\n<\/div>\n<\/div>\n\n\n\n<div class=\"wp-block-group alignfull has-background is-layout-constrained wp-container-core-group-is-layout-2 wp-block-group-is-layout-constrained\" id=\"services\" style=\"background-color:#f4eee0;padding-top:144px;padding-bottom:0px\">\n<h2 class=\"wp-block-heading\">B\u00fccher ohne Ende \u2013 Drei Highlights von Daniela Noitz<\/h2>\n\n\n\n<div class=\"wp-block-columns is-layout-flex wp-container-core-columns-is-layout-3 wp-block-columns-is-layout-flex\" style=\"margin-top:50px\">\n<div class=\"wp-block-column is-layout-flow wp-container-core-column-is-layout-6 wp-block-column-is-layout-flow\">\n<figure class=\"wp-block-image size-full vintage-photo\"><img loading=\"lazy\" decoding=\"async\" width=\"940\" height=\"788\" src=\"https:\/\/novels4u.inktales.org\/wp-content\/uploads\/2024\/08\/Design-ohne-Titel_20240820_224321_0000.png\" alt=\"\" class=\"wp-image-64\" srcset=\"https:\/\/novels4u.inktales.org\/wp-content\/uploads\/2024\/08\/Design-ohne-Titel_20240820_224321_0000.png 940w, https:\/\/novels4u.inktales.org\/wp-content\/uploads\/2024\/08\/Design-ohne-Titel_20240820_224321_0000-300x251.png 300w, https:\/\/novels4u.inktales.org\/wp-content\/uploads\/2024\/08\/Design-ohne-Titel_20240820_224321_0000-768x644.png 768w\" sizes=\"auto, (max-width: 940px) 100vw, 940px\" \/><\/figure>\n\n\n\n<h3 class=\"wp-block-heading\" style=\"margin-top:16px\"><strong>Zwei-Sprache \u2013 Wenn Worte Br\u00fccken bauen<\/strong><\/h3>\n\n\n\n<p>Ein au\u00dfergew\u00f6hnliches Buch \u00fcber das Spiel mit Worten und Bedeutungen. Daniela Noitz f\u00fchrt uns durch die faszinierenden Welten der Sprache \u2013 ein Genuss f\u00fcr Sprachliebhaber.<\/p>\n<\/div>\n\n\n\n<div class=\"wp-block-column is-layout-flow wp-container-core-column-is-layout-7 wp-block-column-is-layout-flow\">\n<figure class=\"wp-block-image size-full vintage-photo-right\"><img loading=\"lazy\" decoding=\"async\" width=\"940\" height=\"788\" src=\"https:\/\/novels4u.inktales.org\/wp-content\/uploads\/2024\/08\/Design-ohne-Titel_20240820_224854_0000.png\" alt=\"\" class=\"wp-image-66\" srcset=\"https:\/\/novels4u.inktales.org\/wp-content\/uploads\/2024\/08\/Design-ohne-Titel_20240820_224854_0000.png 940w, https:\/\/novels4u.inktales.org\/wp-content\/uploads\/2024\/08\/Design-ohne-Titel_20240820_224854_0000-300x251.png 300w, https:\/\/novels4u.inktales.org\/wp-content\/uploads\/2024\/08\/Design-ohne-Titel_20240820_224854_0000-768x644.png 768w\" sizes=\"auto, (max-width: 940px) 100vw, 940px\" \/><\/figure>\n\n\n\n<h3 class=\"wp-block-heading\" style=\"margin-top:16px\"><strong>Niemand wei\u00df, wohin es ihn tr\u00e4gt \u2013 Doch Daniela Noitz kennt den Weg<\/strong><\/h3>\n\n\n\n<p>Ein fesselnder Roman \u00fcber das Unvorhersehbare im Leben und die Kraft, sich dennoch treiben zu lassen. Lass dich von den unerwarteten Wendungen \u00fcberraschen.<\/p>\n<\/div>\n\n\n\n<div class=\"wp-block-column is-layout-flow wp-container-core-column-is-layout-8 wp-block-column-is-layout-flow\">\n<figure class=\"wp-block-image size-full vintage-photo-straight\"><img loading=\"lazy\" decoding=\"async\" width=\"940\" height=\"788\" src=\"https:\/\/novels4u.inktales.org\/wp-content\/uploads\/2024\/08\/Design-ohne-Titel_20240820_231945_0000.png\" alt=\"\" class=\"wp-image-72\" srcset=\"https:\/\/novels4u.inktales.org\/wp-content\/uploads\/2024\/08\/Design-ohne-Titel_20240820_231945_0000.png 940w, https:\/\/novels4u.inktales.org\/wp-content\/uploads\/2024\/08\/Design-ohne-Titel_20240820_231945_0000-300x251.png 300w, https:\/\/novels4u.inktales.org\/wp-content\/uploads\/2024\/08\/Design-ohne-Titel_20240820_231945_0000-768x644.png 768w\" sizes=\"auto, (max-width: 940px) 100vw, 940px\" \/><\/figure>\n\n\n\n<h3 class=\"wp-block-heading\" style=\"margin-top:16px\"><strong>Die Heilerin \u2013 Ein Geschenk f\u00fcr die Seele<\/strong><\/h3>\n\n\n\n<p>Eine tiefgr\u00fcndige Geschichte \u00fcber Heilung und Selbstfindung, die zeigt, dass wahre Heilung oft von innen kommt. Ein Muss f\u00fcr alle, die an die Magie des Lebens glauben.<\/p>\n<\/div>\n<\/div>\n\n\n\n<div class=\"wp-block-buttons is-layout-flex wp-block-buttons-is-layout-flex\">\n<div class=\"wp-block-button\"><a class=\"wp-block-button__link has-text-align-center wp-element-button\" href=\"https:\/\/amzn.to\/3yNuGz6\" target=\"_blank\" rel=\"noreferrer noopener\">Zu den B\u00fcchern auf Amazon <\/a><\/div>\n<\/div>\n<\/div>\n\n\n\n<div class=\"wp-block-group alignfull has-background is-layout-constrained wp-container-core-group-is-layout-3 wp-block-group-is-layout-constrained\" id=\"about\" style=\"background-color:#f4eee0;padding-top:143px;padding-bottom:144px;background-position:59% 72%;\">\n<h2 class=\"wp-block-heading\" style=\"font-size:30px\">Vegan, kreativ, vielseitig \u2013 Daniela Noitz im Fokus<\/h2>\n\n\n\n<figure class=\"wp-block-image aligncenter size-full is-resized vintage-photo-right\"><img loading=\"lazy\" decoding=\"async\" width=\"1024\" height=\"1024\" src=\"https:\/\/novels4u.inktales.org\/wp-content\/uploads\/2024\/08\/1cf409af-a9e4-441c-b8a3-ceb6a03176c5.webp\" alt=\"\" class=\"wp-image-70\" style=\"width:574px;height:auto\" srcset=\"https:\/\/novels4u.inktales.org\/wp-content\/uploads\/2024\/08\/1cf409af-a9e4-441c-b8a3-ceb6a03176c5.webp 1024w, https:\/\/novels4u.inktales.org\/wp-content\/uploads\/2024\/08\/1cf409af-a9e4-441c-b8a3-ceb6a03176c5-300x300.webp 300w, https:\/\/novels4u.inktales.org\/wp-content\/uploads\/2024\/08\/1cf409af-a9e4-441c-b8a3-ceb6a03176c5-150x150.webp 150w, https:\/\/novels4u.inktales.org\/wp-content\/uploads\/2024\/08\/1cf409af-a9e4-441c-b8a3-ceb6a03176c5-768x768.webp 768w\" sizes=\"auto, (max-width: 1024px) 100vw, 1024px\" \/><\/figure>\n\n\n\n<p>Daniela Noitz begeistert mit unz\u00e4hligen veganen Kurzgeschichten auf ihrem Blog und zahlreichen Lesungen. Ihre Texte sind so vielf\u00e4ltig wie das Leben selbst.<\/p>\n<\/div>\n\n\n\n<div class=\"wp-block-group alignfull has-background is-layout-constrained wp-container-core-group-is-layout-4 wp-block-group-is-layout-constrained\" id=\"reviews\" style=\"background-color:#d3b38c\">\n<h2 class=\"wp-block-heading\" style=\"font-size:30px\">Eine Geschichte voller Geschichten \u2013 Daniela Noitz&#8217; Weg<\/h2>\n\n\n\n<figure class=\"wp-block-image aligncenter size-full is-resized vintage-photo\"><img loading=\"lazy\" decoding=\"async\" width=\"665\" height=\"658\" src=\"https:\/\/novels4u.inktales.org\/wp-content\/uploads\/2024\/08\/Screenshot_20240820-211929_1.jpg\" alt=\"\" class=\"wp-image-39\" style=\"width:262px;height:auto\" srcset=\"https:\/\/novels4u.inktales.org\/wp-content\/uploads\/2024\/08\/Screenshot_20240820-211929_1.jpg 665w, https:\/\/novels4u.inktales.org\/wp-content\/uploads\/2024\/08\/Screenshot_20240820-211929_1-300x297.jpg 300w\" sizes=\"auto, (max-width: 665px) 100vw, 665px\" \/><\/figure>\n\n\n\n<div style=\"height:10px\" aria-hidden=\"true\" class=\"wp-block-spacer\"><\/div>\n\n\n\n<p class=\"has-text-align-center\" style=\"font-size:22px;line-height:1.6\">Daniela Noitz hat ihre eigene Geschichte geschrieben \u2013 gepr\u00e4gt von Kreativit\u00e4t, Engagement und einem unerm\u00fcdlichen Streben nach Gerechtigkeit. Ihre Werke spiegeln ihre Leidenschaft und Lebenserfahrung wider.<\/p>\n<\/div>\n\n\n\n<div class=\"wp-block-group alignfull has-background is-layout-constrained wp-container-core-group-is-layout-5 wp-block-group-is-layout-constrained\" id=\"contact\" style=\"background:linear-gradient(35deg,rgb(211,179,140) 0%,rgb(241,224,202) 64%,rgb(211,179,140) 98%);padding-top:104px;padding-bottom:104px\">\n<h2 class=\"wp-block-heading has-text-align-center\" style=\"font-size:30px\">Gedanken, die bewegen \u2013 Geschichten, die bleiben.<\/h2>\n\n\n\n<div class=\"wp-block-buttons alignwide is-horizontal is-content-justification-center is-layout-flex wp-container-core-buttons-is-layout-3 wp-block-buttons-is-layout-flex\" style=\"margin-top:50px\">\n<div class=\"wp-block-button\"><a class=\"wp-block-button__link wp-element-button\" href=\"https:\/\/novels4u.com\/\" target=\"_blank\" rel=\"noreferrer noopener\">Mehr erfahren<\/a><\/div>\n<\/div>\n<\/div>\n\n\n\n<p><\/p>\n","protected":false},"excerpt":{"rendered":"<p>Schreiben und die Welt retten? Auf novels4u.com erlebst du, was es hei\u00dft, Geschichten zu schreiben und das Leben in all [&hellip;]<\/p>\n","protected":false},"author":1,"featured_media":0,"parent":0,"menu_order":0,"comment_status":"closed","ping_status":"closed","template":"","meta":{"site-sidebar-layout":"no-sidebar","site-content-layout":"plain-container","ast-site-content-layout":"","site-content-style":"default","site-sidebar-style":"default","ast-global-header-display":"","ast-banner-title-visibility":"","ast-main-header-display":"","ast-hfb-above-header-display":"","ast-hfb-below-header-display":"","ast-hfb-mobile-header-display":"","site-post-title":"disabled","ast-breadcrumbs-content":"","ast-featured-img":"","footer-sml-layout":"","theme-transparent-header-meta":"enabled","adv-header-id-meta":"","stick-header-meta":"","header-above-stick-meta":"","header-main-stick-meta":"","header-below-stick-meta":"","astra-migrate-meta-layouts":"default","ast-page-background-enabled":"default","ast-page-background-meta":{"desktop":{"background-color":"var(--ast-global-color-4)","background-image":"","background-repeat":"repeat","background-position":"center center","background-size":"auto","background-attachment":"scroll","background-type":"","background-media":"","overlay-type":"","overlay-color":"","overlay-opacity":"","overlay-gradient":""},"tablet":{"background-color":"","background-image":"","background-repeat":"repeat","background-position":"center center","background-size":"auto","background-attachment":"scroll","background-type":"","background-media":"","overlay-type":"","overlay-color":"","overlay-opacity":"","overlay-gradient":""},"mobile":{"background-color":"","background-image":"","background-repeat":"repeat","background-position":"center center","background-size":"auto","background-attachment":"scroll","background-type":"","background-media":"","overlay-type":"","overlay-color":"","overlay-opacity":"","overlay-gradient":""}},"ast-content-background-meta":{"desktop":{"background-color":"var(--ast-global-color-5)","background-image":"","background-repeat":"repeat","background-position":"center center","background-size":"auto","background-attachment":"scroll","background-type":"","background-media":"","overlay-type":"","overlay-color":"","overlay-opacity":"","overlay-gradient":""},"tablet":{"background-color":"var(--ast-global-color-5)","background-image":"","background-repeat":"repeat","background-position":"center center","background-size":"auto","background-attachment":"scroll","background-type":"","background-media":"","overlay-type":"","overlay-color":"","overlay-opacity":"","overlay-gradient":""},"mobile":{"background-color":"var(--ast-global-color-5)","background-image":"","background-repeat":"repeat","background-position":"center center","background-size":"auto","background-attachment":"scroll","background-type":"","background-media":"","overlay-type":"","overlay-color":"","overlay-opacity":"","overlay-gradient":""}},"footnotes":""},"class_list":["post-9","page","type-page","status-publish","hentry"],"_links":{"self":[{"href":"https:\/\/novels4u.inktales.org\/index.php?rest_route=\/wp\/v2\/pages\/9","targetHints":{"allow":["GET"]}}],"collection":[{"href":"https:\/\/novels4u.inktales.org\/index.php?rest_route=\/wp\/v2\/pages"}],"about":[{"href":"https:\/\/novels4u.inktales.org\/index.php?rest_route=\/wp\/v2\/types\/page"}],"author":[{"embeddable":true,"href":"https:\/\/novels4u.inktales.org\/index.php?rest_route=\/wp\/v2\/users\/1"}],"replies":[{"embeddable":true,"href":"https:\/\/novels4u.inktales.org\/index.php?rest_route=%2Fwp%2Fv2%2Fcomments&post=9"}],"version-history":[{"count":32,"href":"https:\/\/novels4u.inktales.org\/index.php?rest_route=\/wp\/v2\/pages\/9\/revisions"}],"predecessor-version":[{"id":96,"href":"https:\/\/novels4u.inktales.org\/index.php?rest_route=\/wp\/v2\/pages\/9\/revisions\/96"}],"wp:attachment":[{"href":"https:\/\/novels4u.inktales.org\/index.php?rest_route=%2Fwp%2Fv2%2Fmedia&parent=9"}],"curies":[{"name":"wp","href":"https:\/\/api.w.org\/{rel}","templated":true}]}}